ns digit of 138/((-1)/((-5)/s))?
6
Let i(c) = 2*c - 1. Let p(y) = -3*y**3 - y**2 - y. Let v be p(-1). Let s be i(v). Suppose -3*k - 110 = -5*a, -s*a + 5*k = -a - 75. What is the tens digit of a?
2
Suppose -2164 = -z + 5*l, -8*z - l + 10716 = -3*z. What is the hundreds digit of z?
1
Let o be 9/12*(6 - 2). Let h be 3129/7 + -1*o. What is the tens digit of (3/(-9))/((-4)/h)?
3
Let v = -15 + 17. Let y(i) = i. Let q be y(v). Suppose -14 + 63 = m - q*g, -5*g = -4*m + 190. What is the tens digit of m?
4
Let c = -5206 - -9908. What is the tens digit of c?
0
What is the thousands digit of 818280/396 - 12/33?
2
Let t be ((-225)/(-60))/(3/80). Suppose 0 = 3*j - 86 - t. What is the tens digit of j?
6
Suppose -4*k - u - 3*u + 52 = 0, 2*u + 19 = k. What is the tens digit of k?
1
Let h = -91 + 174. What is the tens digit of h?
8
Let b(f) = 14*f**2 + 2*f + 71. What is the thousands digit of b(11)?
1
Suppose -4180 = 3*a - 2*j, -5*a - j - 898 - 6086 = 0. What is the tens digit of a/(-36) + (-12)/(-54)?
3
Suppose 4640 = 142*l - 138*l. What is the units digit of l?
0
Let k(w) = 4*w**2 - 5*w. Let v be k(1). Let b(q) be the second derivative of 31*q**4/6 - q**3/6 + q**2/2 - q. What is the tens digit of b(v)?
6
Let w be 8/14 - 9/(-21). What is the tens digit of ((-1)/(-2))/((-1)/(-34)*w)?
1
Let h(f) = 42*f**2 + 52*f - 2. What is the units digit of h(-3)?
0
Suppose 0 = 10*s - 5*s - 530. Suppose z - 92 = s. What is the units digit of z?
8
Let a(t) = 18*t**2 - 8*t**2 - t - 2*t + 4. What is the units digit of a(1)?
1
Let g be (-2)/(-1) + (-5 - -5) + -1. Suppose -116 = -5*q - g. What is the units digit of q?
3
Suppose 0 = 13*z - 5923 + 463. What is the tens digit of z?
2
Suppose 0 = k - 2, 2*h - 3*k + 14 = -2*h. Let b(c) = -50*c - 9. What is the units digit of b(h)?
1
Let k(y) be the third derivative of -y**5/60 + y**4/24 - 5*y**3/3 - y**2. Let o be k(0). Let g = o + 40. What is the tens digit of g?
3
Suppose -f = 5*o, 0*o = o + 3*f. Let m(k) be the second derivative of k**3/6 + 21*k**2/2 - 2*k - 48. What is the units digit of m(o)?
1
Suppose -5*z - 75 = 140. Let a = 142 - z. What is the hundreds digit of a?
1
Suppose -w = -2*w - 1, -3*x - 36 = 3*w. Let q = -3 - x. What is the units digit of 114/q + (-3)/12?
4
Let i be 4 - (-4 - -5 - -2). Let k = i + 2. Suppose -k*l - l = -116. What is the tens digit of l?
2
What is the hundreds digit of (-707)/(1*(-4 - (-6)/2))?
7
Let u be (74*1 - -2) + (2 - 1). Let w = u + -10. What is the tens digit of w?
6
Let m = 1465 - 746. What is the units digit of m?
9
Let l(a) = -a**3 - 5*a**2 - 3*a - 12. Let b(c) = -c**3 + 6*c**2 + 8*c - 13. Let w be b(7). What is the tens digit of l(w)?
4
Let q(k) = -3*k**2 + 26*k - 25. Let n(a) = a**2 - 13*a + 12. Let c(g) = -5*n(g) - 2*q(g). What is the hundreds digit of c(7)?
1
Suppose 0 = t + 3, 4*v - 6*t - 2867 - 1167 = 0. What is the thousands digit of v?
1
Let m = -9 + 17. Suppose 0 = -2*n - 0*n - m. Let k(j) = j**3 + 4*j**2 - 6*j - 4. What is the tens digit of k(n)?
2
Let i be ((-9)/(-2))/((21/(-6))/7). Let q(c) = -c**2 - 9*c + 18. What is the units digit of q(i)?
8
Suppose -7 = -2*u + 73. Suppose 5*v = c + 3*c + u, -5*v = 4*c. Suppose -v*g + 2*s + 196 = 0, -2*s + 49 = 2*g - g. What is the units digit of g?
9
What is the tens digit of 43024/80 + (-6)/(-5)?
3
Let x = -30 - -33. Let q = x - -60. What is the units digit of q?
3
Let h = -53 - -93. Let d = h + -23. Suppose -5*v = d - 127. What is the units digit of v?
2
Let j(m) = 4*m**2 + 4*m + 2. Let x be j(-2). Let o = -4 + x. Suppose -w + o = -0*w. What is the units digit of w?
6
Suppose -8 = 2*m, 4 + 6 = 2*r - m. What is the units digit of -1 + r - (5 - 4)?
1
Suppose 5*u = 3*u + 2848. What is the hundreds digit of u?
4
Let q = 43 + -37. What is the tens digit of q*1/8*108?
8
Suppose -3*l - 215 + 752 = 0. What is the hundreds digit of l?
1
Let r(m) = -m**2 - 7*m - 15. Let c be r(-6). What is the units digit of 12/(-18) - 177/c?
9
Suppose 239 = 3*n - o, 0 = 5*n - 3*n + 4*o - 178. Suppose -3*z + n = -0*z. Suppose 9*u + 165 = 5*f + 4*u, -f = -3*u - z. What is the tens digit of f?
3
Let r = -20 + 34. Suppose r*j = 18*j - 16. Suppose j*y - 8 = 56. What is the tens digit of y?
1
Let c(p) = p**3 + 38*p**2 + 73*p + 55. What is the thousands digit of c(-35)?
1
Let w(u) = u**3 + 9*u**2 - 12*u - 20. Let d be w(-10). Suppose d = -3*a - l - 3*l + 403, -a - 5*l = -149. What is the tens digit of a?
2
Suppose 7*t - 66 = t. Let b = t + -9. Suppose d + 6 = -b*x + 4*x, -d - 4 = -x. What is the units digit of x?
2
What is the units digit of (7 + -6)/((-653)/(-326) + -2)?
6
Let h(j) = 56*j + 16. What is the tens digit of h(15)?
5
Suppose -9*f = -937 - 1583. What is the tens digit of f?
8
Suppose 1 = -3*o - 5*h + h, -3*h - 7 = o. Suppose -o*x = 2*r - 168, 5*r = -4*x - 0*x + 131. What is the tens digit of x?
3
Suppose -403 = -n + 4*p, 4*n + p + 1 = 1545. What is the hundreds digit of n?
3
Let r be 5*1*42/5. Suppose 5*w = r + 43. What is the tens digit of w?
1
Let f(c) = -4*c + 12. Suppose -5*p + 10 = -3*p + 4*h, -3*p + 4*h = -15. Let j(w) = 3*w - 11. Let b(t) = p*j(t) + 4*f(t). What is the units digit of b(-10)?
3
Let b be (2/(-10) + 1)*(-10)/(-4). Suppose 1 = -2*q - 1, b*w = -4*q + 36. What is the units digit of w?
0
Suppose -13*b = -1954 - 2804. What is the tens digit of b?
6
Let p be ((-10)/30)/(2/(-12)). What is the units digit of p/(((-2)/3)/(-2))?
6
Let y(h) = -13 + 229*h + 2 - 214*h + 5*h**2. What is the tens digit of y(-7)?
2
Suppose -4*p = -4, 7*k - 16694 = 2*k + p. What is the tens digit of k?
3
Suppose 2*r - 28 = -18, -4*r = -3*k + 1753. What is the tens digit of k?
9
Suppose 8*a - 9*a = 0. Suppose -2*n - 3*p - 15 = -4*n, a = 5*n - 3*p - 15. Suppose n = 2*s - 4. What is the units digit of s?
2
Suppose 2039 = 6*x + 659. What is the hundreds digit of x?
2
Suppose 4*g + 7 - 11 = 0. What is the tens digit of 32/g - (-2)/2?
3
Suppose 2*r + 28 = -3*r - h, -4*h = 12. Let z(i) = -i + 1. What is the units digit of z(r)?
6
Let o = 7 + -3. Let f = o + 1. Suppose -3*y = -3*l + 6, -f*y + 15 + 0 = 0. What is the units digit of l?
5
Suppose -3*q + 1441 = -425. What is the hundreds digit of q?
6
Let f = -2607 + 5015. What is the hundreds digit of f?
4
Let j(g) = g**3 + 9*g**2 + 3*g - 17. Let l be (-5 - 2) + 0*2/6. What is the tens digit of j(l)?
6
Let g(f) = f - 22. Let q be g(7). Let n be ((-22)/(-33))/((-2)/q). Suppose n*h = w - 20, -3*w + 5*h - 4*h + 74 = 0. What is the tens digit of w?
2
Let o = -22 - -26. Suppose o*z - 156 = 96. What is the units digit of z?
3
Suppose -5*a - 5 = q, -2*a + 4*a - 16 = -4*q. Suppose -q*g - 102 + 342 = 0. Let i = -26 + g. What is the units digit of i?
2
Let u be (0 - -2)*6/(-36)*-3. What is the units digit of 1*((46 - 3) + u)?
4
Suppose 2*r = -0*r + 8. Suppose k - 9 - r = 5*p, -2*p + 4*k = 16. What is the units digit of p/(-4)*(-16)/(-1)?
8
Let b(t) = 123*t**2 + 2*t - 10. What is the hundreds digit of b(-6)?
4
What is the tens digit of -2 - 56/12*-111?
1
Let t(v) = v**2 + 5*v + 6. Let d be t(-3). Suppose d = -8*k + 3*k + 390. What is the units digit of k?
8
Let f(g) = g - 5. Let t(a) = 2*a - 9. Let x(m) = -11*f(m) + 6*t(m). Let i(b) = b**2 - 11*b - 8. Let q(d) = -i(d) - 4*x(d). What is the units digit of q(5)?
4
Let v = -2338 + 4107. What is the hundreds digit of v?
7
Let i = 15 + -24. Let c(g) = g**3 + 8*g**2 - 9*g + 3. Let o be c(i). Suppose -2*b + 76 = -4*y, -o*b + b = -3*y - 78. What is the tens digit of b?
4
Suppose 0 = -j + 5*u + 467, 17*j - u + 912 = 19*j. What is the hundreds digit of j?
4
Suppose q + 10*q = 10032. What is the units digit of q?
2
Let w = -17 + 24. Suppose 0 = -2*g + w + 5. What is the units digit of g?
6
Suppose 1236 = y - 4*n, 0 = y + 4*n - 879 - 333. What is the tens digit of y?
2
Suppose -5*t - 3*l = -41, -6 = -t - 5*l + 11. Let y(i) = -i**2 + 8*i + 3. Let r be y(t). Let u = 14 - r. What is the units digit of u?
4
Let u(j) = 86*j**2 - 6*j + 1. What is the hundreds digit of u(3)?
7
Let l(j) = j**2 + 2*j + 3. Let k be l(-2). Let d = -60 + 76. Suppose k*c = 5 + d. What is the units digit of c?
7
Suppose 0 = 3*y - 5*k - 5351, 4*y - 4*k - 6096 = 1028. What is the hundreds digit of y?
7
Suppose 8*h = 235 - 683. Let q = h - -181. What is the tens digit of q?
2
Let v(s) = -4*s**2 + 1. Let u be v(-2). Let g = -12 - u. Wha